+ -26)).
32
(-38 - -5) + (80 - -38) + -27
58
What is 66 + 3 + (2 - 14) + 6 + -13?
50
59 - (-3 - -3) - (52 - 53) - (24 + -14)
50
What is -43 + 0 - (-43 - (-21 - (42 - 30)))?
-33
((13 - 22) + (5 - 2) + 0 - 15) + -6
-27
What is the value of 5 + 6 - (102 + -100) - (2 - (2 + -48))?
-39
What is -6 + 8 - (8 + 13 + -18 + 43)?
-44
What is (-15 - -10) + (-19 - 0) + 125 + -110?
-9
Evaluate -5 + -10 + (7 - (-28 + -13)).
33
Evaluate 23 + (-10 - 11) + -26 - 17.
-41
What is the value of (-5 - ((2 - 1) + -1)) + -321 + 141 + 169?
-16
What is (-23 - (26 - (47 - -6))) + (1 - -21)?
26
Calculate 15 - ((75 - -19) + -26 - -27).
-80
What is 92 + 398 + -406 + 0 + -1 + -8 + 4?
79
Calculate -106 - (-86 + -45) - (27 + -3).
1
125 - 103 - (-87 + -16 + -13)
138
Calculate 16 + (69 - 88) + (-23 - 0).
-26
What is the value of (150 - 168 - (-10 - 6)) + 0 + 71?
69
What is 58 - (1 + 58 - 48)?
47
What is the value of 57 - 62 - (29 + -5 - (-3 - 6))?
-38
Calculate 91 - (18 + 237 - 72).
-92
Evaluate -14 + (-6 - -6) - (17 + -26 + 23).
-28
Calculate (125 - 145) + -13 - (-135 + 2).
100
What is the value of (-1 - -7 - (-19 - -11)) + -9 + -27?
-22
What is -11 + (36 - 37) - (-1 + -7 - 97)?
93
-13 - (-80 - (1 + 0 + -177 + 190))
81
Evaluate -62 - (108 + -71 + -21).
-78
Evaluate -65 + 1 + (-6858 - -6938).
16
Evaluate (-16 - -52) + (-52 - -37).
21
Evaluate 91 - (-109 + 217) - 109.
-126
Evaluate -7 + -73 + 97 - 65.
-48
What is 51 + -9 + 5 + 7 - (-20 + 35 + -18)?
57
39 + -1 + -2 - (8869 + -8890)
57
What is 179 + -48 - (25 + (18 - 3))?
91
-66 - -3 - (-1072 + 979)
30
Evaluate 19 - 18 - (-15 + (-2 - -15) + 65).
-62
5 + -2 + 2 + -8 - (33 + -70)
34
Calculate (88 - -6) + (-433 - -402).
63
What is the value of -23 - (-15 - (24 - 27) - -19)?
-30
-994 - -985 - (-5 - (3 - 2))
-3
Evaluate -2 + -12 + (16 - (104 - 91)).
-11
What is the value of -1 + 51 - (3773 - 3686)?
-37
What is (1 - 6) + (32 - (17 + -1 + 1)) - 8?
2
Calculate -33 - (-90 - -19 - -39).
-1
(87 + -56 - (-83 + -4)) + (-5 - (-2 - -2))
113
What is the value of -11 + (-19 + 31 - 95) + (8 - (4 + -2))?
-88
Evaluate 42 + -52 + (28 - 2) + -12.
4
Calculate (-282 + 285 - (4 + -15 + -6)) + -94.
-74
What is the value of (-133 - -363 - 94) + -169?
-33
What is 72 + (-33 - (20 - (47 + -1)))?
65
What is the value of 105 - (32 - ((-9 - -46) + (11 - 31)))?
90
What is the value of 2 - ((3 - 4) + (-12 - -9 - -6 - -62))?
-62
What is the value of 2 + 3 + -3 + (103 + -23 - 29)?
53
What is the value of -22 + 19 + (16 - 2) + (-5 - -4)?
10
What is the value of -12 - 36 - (57 - -2)?
-107
What is the value of -7 - -14 - (8 - 60 - 0) - 6 - 4?
49
What is -80 + 69 + (-12 - 17)?
-40
Evaluate 9669 - 9694 - (-109 + 0).
84
Calculate -11 - (29 + -9 + (-3 - 5) - (0 - -15)).
-8
What is -18 + (115 + -48 - 107)?
-58
43 + 3 + (123 - 137) + (24 - 3 - 0)
53
What is the value of -18 + -45 + -68 + 95?
-36
Evaluate -27 + -1 - (-16 + 138 - 235).
85
(12 + (-4 - -140) - (25 - -6)) + (1 - -14)
132
Calculate 5 + (-35 - (10 + -25)) - (-2 + -144) - -4.
135
What is 44 + (-52 + (13 - -60) - (1 + 8))?
56
Evaluate (-3 - -17 - 14) + (8 - 24).
-16
Calculate (42 - -66) + -29 + -31.
48
Evaluate -39 + (53 - -33) + -16.
31
What is (1 - 48) + (-193 - -230) + -51?
-61
Evaluate -64 - (-5 + (-11 - 24 - -23)).
-47
Calculate (13 + -53 - -139) + 22.
121
What is the value of (14 - (4 + 0) - (147 - 138)) + 91?
92
What is the value of -3 - ((-147 - (46 - 180)) + -1 + 1 + -89)?
99
What is the value of 75 + -7 + (-3 + -2 - (-17 - 2))?
82
What is the value of -51 + (-5 - 1) - 3 - (-5 - (9 - 9))?
-55
Calculate 14 + -221 + 193 + (0 - (-140 + 1)).
125
-29 + 21 - -12 - (5 - ((0 - -12) + 5))
16
Evaluate -9792 - -9853 - (0 + 73).
-12
Calculate 534 - 545 - (1 + -12 + (2 + 3 - 2)).
-3
Evaluate (-45 - (-86 - -49)) + -3 + -1 + 2.
-10
What is -10 + 107 + -33 + -62 + 58 + -1?
59
(-11 - (2 - 71)) + -25
33
Calculate (-8 + 14 - (-137 + 12)) + 11.
142
Evaluate -136 + 92 - -108 - 76.
-12
136 + (4 - ((0 - -20 - 1) + (5742 - 5751)))
130
Evaluate 76 + -27 + (-46 - 13).
-10
What is (6 - 12 - -2) + 212 + -191?
17
Calculate 1 - ((33 - 12) + -7 + -71 - 2).
60
Evaluate -10 + -2 + 37 + (2 - (0 + -8) - 9).
26
What is -10 + (27 - 26 - -14 - (64 - (6 - 12)))?
-65
Evaluate (0 + 46 + 0 - (-6 + (89 - 95))) + -2.
56
2 - 139 - (-1810 + 1731)
-58
What is 26 - (12 - -43) - (-92 - 2)?
65
What is the value of (14 - (-42 - 7)) + -52?
11
What is 0 + 1 + (-1 - -17 - (136 + -127))?
8
What is -12 - (4 + 2 - 34 - (-32 - -18))?
2
Calculate (-1 + -2 - -1) + (86 - (93 + -35)).
26
Evaluate (4 - (3 + -3)) + (-392 - -343).
-45
What is the value of -2 - ((-3 - 0 - -3) + (-59 - -47) + 1)?
9
What is -66 + (-1 - 8 - -47)?
-28
Evaluate (-30 - (-8 + 5)) + 3 + 0.
-24
Evaluate -12 + -1 + 3 + 14 + -44.
-40
What is the value of -9 + -6 - (-41 - (87 + -64))?
49
What is the value of 4 + -4 + -5 + (13 - 1) - (135 - 41)?
-87
Evaluate -43 - (-25 - -27 - (-11 - 6 - -9)).
-53
What is -49 - (-4 + (0 + (14 - 24) - -2))?
-37
-9 + (14 - 13) + -4 - 26
-38
Evaluate -28 - -30 - -79 - 164.
-83
Calculate 126 - 183 - (-67 + 34).
-24
What is (-50 - -60) + (4 - 2) + (-83 - -47)?
-24
What is the value of (-62 - -1) + (13 + (-9 - (-4 + 17)) - -7)?
-63
Calculate 29 + -57 - (-2 + -20) - (-72 - (2 - 1)).
67
Calculate 46 + -8 - (292 - 310).
56
What is (-69 + 0 - -2 - (301 - 324)) + 20?
-24
What is (6 + -10 + 5 - -1) + -38 + 1?
-35
What is the value of 75 - (-104 - (72 + -260))?
-9
(15 - -45) + (149 - 198)
11
What is 84 + 18 - -12 - 59?
55
What is the value of -105 + (-16 - -99) - 61?
-83
12 - (3 + 16 - (168 + -158))
3
What is 24 + -3 - 16 - -32?
37
8 - (-30 - (-2 - (-3 + 24)) - (-4 - 55))
-44
(5 - 87) + (674 - 510)
82
What is -1 + 48 + (-3 + 16 + -22 - (-15 - 1))?
54
5 - -4 - -7 - 75
-59
Evaluate (-44 - (44 - 92)) + ((0 - 2) + 1 - 29).
-26
Calculate -24 + 108 + -112 + -40.
-68
Calculate (1 - 9) + -10 + 8 + 25 + -13 + -11.
-9
Calculate -38 + (28 - 5) - (-1 + -2 + 1).
-13
Evaluate 13 - 0 - -12 - 132 - -25.
-82
9 + 47 - (50 - -15)
-9
Evaluate -41 + (-39 - (34 + -90)).
-24
Evaluate -2 + 3 + -9 - (-102 - -47 - -43).
4
Calculate 9 + 17 + (22 + -21 - -20).
47
Calculate -27 + (25 - 8) + -32.
-42
Calculate 29 - (-13 - (-38 - -25)).
29
Calculate -10 + 8 + 5 + -3 - (-46 + (5 - 5)).
46
-12 - ((35 - (-4 + 122)) + (-2 - 0) + 6)
67
What is the value of -248 + 187 + 68 - (-2 + -88)?
97
What is 2 + -4 + 1 + -38 + (-618 - -622)?
-35
What is 93 - (117 - 141) - 167?
-50
What is 5 + 1 + 82 + -81 + (0 - -1 - 11)?
-3
Evaluate 29707 + -29642 + (3 - (0 - (-1 - 1))).
66
What is the value of -10 - (7 + (-15 - -7) + 14 + -20)?
-3
What is the value of (4 - 3) + (-35 - -11) - (-8 + -4 + 5)?
-16
-1 + -51 + 1 - (-88 - (184 + -264))
-43
Calculate (-6 - 2) + -1205 + 1207.
-6
Calculate 22 - -2 - (-19 - (17 - 41)).
19
0 + 17 - (37 + (56 - 1) + -29)
-46
What is -5 - 1 - (-97 + (29 - -4) + -18)?
76
What is 22 + (0 - 1 - -4 - (-4 - (-48 - -34)))?
15
Calculate -214 + 120 - -94 - (-1 + 28).
-27
What is 17 + (-3 - 2) + (0 - -2) + (814 - 705)?
123
(13 - -2) + (26 - (74 + -42))
9
Calculate (7296 - 7182) + -15 + (3 - 0).
102
What is 125 + 2 - ((-8 - -3) + 4 + -23 + 38)?
113
Evaluate 14 + -7 - (-76 - -4 - (6 + -8 - 8)).
69
Calculate -13 - (23 + -56 + -21).
41
Calculate -29 + 23 + -9 - (7 - (116 - -7)).
101
Calculate (3 - -8) + ((-4 - 4) + 6 - (-47 + 14)).
42
What is the value of 282 + -327 + 3 + 83?
41
Calculate -1 + -36 + 2389 + -2376.
-24
Calculate 40 + (-82 - -18) + 105.
81
(123 - 64) + (11 + -21 - -18)
67
What is the value of (29 - 1 - (-4 - -2)) + (-58 - -10) + 59?
41
Evaluate (46 - 48) + 11 + -2 + (-28 - (25 - 11)).
-35
What is the value of -64 - ((59 - 150) + -19)?
46
(2 - 42) + (27 + -25 + 11 - 9)
-36
Evaluate (-20 - 1) + (-3677 - -3711).
13
What is -19 + (23 - -37) - (-5 + 3 + -5)?
48
Evaluate -18 + 1 - -30 - (1 + 19).
-7
Evaluate 27 + (-26 + 40 - 51).
-10
-1 + 10 + (428 + -413 - (-1 - -26))
-1
Evaluate -23831 + 23879 - (-3 + 2 - -36).
13
What is (-103 - -81) + -1 + (-6 - -91)?
62
3 - 4 - -7 - (48 - (20 - 29))
-51
What is (-2480 - -2519) + -9 + 0?
30
What is -14 + 3 + 1 + -83 + 13 + 10?
-70
(-68 - -145) + 3 + -11
69
(15 - (3 + 27) - -7 - -16) + -61
-53
Calculate -39 + -5 - 4 - (2 + -5 - -4).
-49
What is the value of (11 - 44) + (-30 - (4 + -11))?
-56
Evaluate (6 + -35 - -126) + (-9 - -17 - -7).
112
Calculate 78 - (72 + (-73 - -59)).